 4*h**2 + 3*h + 2. Suppose 0 = w + p - 2, w + 4*w = -2*p + 13. Let g be m(w). What is the greatest common factor of 28 and g?
28
Let o = 288 + -286. Let n = 4 + 0. Calculate the greatest common factor of n and o.
2
Let l be -3 - (5 + ((-872)/2 - 1)). Calculate the greatest common factor of 99 and l.
33
Let b be (-2)/(-4)*(-4 + 40). Let g = b + -6. Let i = -9 + g. Calculate the highest common factor of i and 3.
3
Let j = 966 + -925. Let v be ((-2)/(-4))/((-1)/(-738)). What is the highest common divisor of v and j?
41
Suppose -36 = -5*q + 4*j, -5*q - 2*j = -0*q - 12. Suppose -2*h + 2*l + 24 = 0, -3*l + 4 = -q*h + 52. What is the highest common factor of 60 and h?
12
Let r(w) = -67*w + 42. Let d be r(-4). Calculate the highest common factor of d and 248.
62
Let f = 608 - 296. Calculate the greatest common divisor of 78 and f.
78
Suppose -14*w + 4*z = -15*w + 1300, 3870 = 3*w - 3*z. What is the greatest common divisor of 68 and w?
68
Let x be (-16)/(2 - (-12)/(-5)). Suppose 0 = -39*a + 8*a + 310. What is the greatest common divisor of a and x?
10
Suppose 2*x + 2*x - 128 = 0. Let n = 6 - -6. Suppose -5*c = -8 - n. What is the greatest common divisor of c and x?
4
Let a be 12/32 + (-3489)/24. Let q = 44 - a. Calculate the highest common factor of 21 and q.
21
Let y(k) = 5*k**3 + 6*k - 7. Let f be y(2). Calculate the highest common divisor of f and 35.
5
Suppose 0 = -4*t + 4*q + 24, -8 = 3*t - 2*q - 22. What is the highest common factor of t and 142?
2
Suppose 0 = 63*m - 13634 - 5203. Calculate the highest common factor of m and 23.
23
Let k(y) = -158*y - 10047. Let t be k(-64). Suppose -2*g = -g - 26. Let r be (g - (1 - 2)) + -1. Calculate the highest common divisor of t and r.
13
Let h be ((-15)/10)/(3/(-22)) + 2. What is the greatest common divisor of h and 2?
1
Let m be 4*(10 + 3)*1. Suppose -3*d = d + m. Let f = d + 22. What is the highest common divisor of 3 and f?
3
Let v = -711 + 715. Let p be -1 + 0 - (-1 - 1). What is the greatest common factor of p and v?
1
Let o be 4*(10 + -4) + -4. Let w be 10/5 + (5 - 6/(-2)). What is the greatest common factor of o and w?
10
Let r(w) = w**2 - 7*w + 15. Let g be r(4). Suppose g*a - 126 = 534. Calculate the greatest common factor of 44 and a.
44
Let m be (6/4)/(2/4). Suppose m*j - 66 - 30 = 0. Suppose 4*c - 4*l = -l + 64, -2*c - 4*l + j = 0. Calculate the greatest common factor of c and 16.
16
Let d = 26 - 44. Let c be (96/(-5))/(-1)*(-60)/d. Calculate the highest common factor of c and 32.
32
Let i be ((-4784)/(-14))/(-8) - 4/14. Let x = 53 - i. What is the greatest common factor of 8 and x?
8
Let f be 8 - 161/14*-2. What is the highest common divisor of 1147 and f?
31
Suppose 6 = 2*v + v. Suppose 3*m + 0*m - 6 = v*g, 3*m + 5*g - 27 = 0. Let p = 20 - m. What is the highest common factor of 8 and p?
8
Suppose -o = 4*g - 12, -4*o - 2*g + 48 = -5*g. Suppose -5*i = -i + 5*s - 91, -i + 4*s + 28 = 0. Calculate the highest common factor of o and i.
12
Suppose -5*x + 40 = -115. Let h = x + -31. Suppose -5*o - 28 + 8 = h, v = -5*o + 106. What is the highest common divisor of v and 18?
18
Let z be 488 + 2 + 1 + 1. Calculate the greatest common factor of z and 12.
12
Let b(d) = -23*d + 81. Let h be b(3). Calculate the highest common factor of h and 32.
4
Let m(i) = -9*i + 29. Let y be m(-4). Calculate the highest common factor of 15 and y.
5
Let y = -63 - -67. Suppose 9*d - 6*d = 12. What is the highest common factor of d and y?
4
Let f be (91/(-13))/((-2)/18). Let v(n) = 21*n - 21. Let i be v(3). What is the highest common divisor of f and i?
21
Suppose -2*c - 4 = -k + 28, 2*c - 112 = -5*k. Calculate the greatest common divisor of 6 and k.
6
Let n(r) = 36*r - 40. Let o be n(17). What is the highest common divisor of 52 and o?
52
Let o(p) be the third derivative of p**4/24 + 3*p**3 - 5*p**2 - 4. Let h be o(6). Calculate the greatest common factor of h and 264.
24
Let q(t) = -t + 15. Let p be q(13). Suppose d + p = 2*d. What is the greatest common divisor of d and 18?
2
Suppose 4*q - 4*l - 12 = 0, -l = -2*q - 3*l + 6. Suppose q*k = k + 124. Let c = -30 + k. What is the greatest common divisor of 32 and c?
32
Let n(d) = d + 1. Let j be n(6). Suppose -j*a = -2*a. Suppose a*c + 2*c + 2*t = 74, -c + 21 = -3*t. What is the highest common divisor of c and 11?
11
Let v(y) = y**3 + 6*y**2 + 7*y - 3. Let m be v(-4). Let j be (100/(-125))/((1/(-25))/m). What is the highest common factor of j and 60?
20
Suppose 88*u - 89*u = -77. What is the greatest common divisor of 22 and u?
11
Suppose 40 = 10*y - 7*y - k, -k = -2. What is the highest common factor of 6 and y?
2
Let k be 0/(-7 + 5) - (-9 + 1). Suppose -3*n + k*n = 20. Calculate the greatest common factor of n and 4.
4
Let x be 8 - 1*(-2)/(-2). Let i = 17 - 33. Let r = i + 37. What is the highest common divisor of x and r?
7
Let f(t) = -t**2 + 6*t - 9. Let o be f(8). Let c be o/(-50) - 94/(-4). What is the greatest common factor of c and 32?
8
Suppose 0 = -2*j + 156 + 108. Let a be 1*(3 - 1 - -1). Let q(p) = p**3 - 3*p**2 + 3*p + 3. Let v be q(a). Calculate the greatest common factor of v and j.
12
Suppose 15*h = 292 - 52. Calculate the greatest common divisor of h and 26.
2
Suppose -2 + 27 = 5*w, -h - 5*w = -43. Suppose -4*m + 146 = h. What is the highest common divisor of 40 and m?
8
Suppose -7*z - 150 = -465. Let w be (64 - -1) + (23 - 28). Calculate the highest common divisor of z and w.
15
Suppose 10 = 4*l - 14. Let x be l*(-8)/(-3) + -1. Calculate the greatest common factor of 75 and x.
15
Let i be 4 + -4 + 0 + (-28 - -30). Suppose -36 = 3*y - 5*y. What is the greatest common factor of y and i?
2
Let s = 763 - 671. What is the highest common divisor of 230 and s?
46
Let b be (-11 + 6)*1 - -8. Let x be (-2)/3*-21 + 0. Suppose 3*a = 5*u - 25 - x, 5*u - 2*a = 41. Calculate the highest common factor of b and u.
3
Suppose -4*h - h + 300 = 5*r, 0 = -3*r + 12. Calculate the greatest common factor of 280 and h.
56
Suppose -4*m + 9*m - 2*l - 46 = 0, 3*m - 30 = 2*l. Let a = -4 + m. Calculate the greatest common divisor of a and 44.
4
Let u = -13 + 20. Suppose -240 = 4*i - u*i + 5*y, 2*i + 3*y - 160 = 0. What is the highest common factor of i and 20?
20
Let d = 591 - 336. Calculate the highest common factor of d and 30.
15
Let l(o) = -o + 17. Let k be l(17). Suppose 0 = -5*a + 4*q + 28, -4*a + k*q + q = -29. Calculate the greatest common divisor of a and 24.
8
Let w(b) = -9*b - 8. Let g be w(-5). Let r = 107 + g. Let k = 5 - -13. Calculate the greatest common divisor of r and k.
18
Let u = 356 - 185. Let a(y) = 3 + 11*y + y**3 + 4 + 8*y**2 - y. Let h be a(-6). What is the highest common factor of u and h?
19
Suppose 0 = -48*p + 81*p - 264. Let f be -3 - -16 - (-4 - -3). Calculate the highest common factor of p and f.
2
Let b(y) = 12*y + 62. Let i be b(-3). Calculate the greatest common divisor of 234 and i.
26
Let m = 562 - 353. Let f(j) = j + 11. Let y be f(8). Calculate the highest common factor of y and m.
19
Let r be (36/15)/(4/10). Let h be -2*2 - (-39 + r). Calculate the greatest common divisor of 116 and h.
29
Let y be 6 + (-1 - (0 - -3)). Suppose 10 = -0*q - y*q. Let t(r) = -r**3 - 4*r**2 + 3*r - 1. Let g be t(q). Calculate the highest common factor of g and 3.
3
Let r = -2005 + 3130. What is the greatest common divisor of r and 45?
45
Suppose 0 = -7*i + 8*i. Suppose 3*o + 115 + 17 = i. Let p = o - -73. What is the greatest common divisor of 203 and p?
29
Let t(f) = -32*f + 11. Let p be t(0). Let z(l) = l - 5. Let n be z(16). Calculate the highest common factor of p and n.
11
Suppose 0 = -105*c + 99*c + 3888. What is the greatest common divisor of 81 and c?
81
Let o = 45 + -33. Suppose 106 = 4*i - 5*i. Let w = 202 + i. Calculate the highest common divisor of w and o.
12
Suppose 0 = 11*r + 6*r - 1020. Calculate the highest common factor of r and 20.
20
Let x = -3 + 10. Suppose p - 9 = x. What is the highest common divisor of p and 4?
4
Let l(q) = 54*q**2 + 2*q + 4. Let s be l(2). Calculate the highest common divisor of s and 168.
56
Let n be -15 + (8 - 0) + 76. What is the greatest common factor of 253 and n?
23
Let z = 448 - -403. What is the greatest common factor of 23 and z?
23
Let t(b) = -b**2 + 6*b + 2. Let j be t(6). Suppose j*m - 10 = m. Let s(p) = 2*p - 7. L